What is the highest common divisor of 31367257 and 62?
31
Calculate the greatest common divisor of 234700375 and 4277.
4277
Calculate the highest common divisor of 20000 and 94807500.
2500
Calculate the highest common factor of 94477931 and 3292.
823
What is the greatest common divisor of 1023617 and 10324118?
2443
Calculate the greatest common divisor of 21178996 and 1900.
76
Calculate the greatest common divisor of 418270 and 135730.
2770
What is the greatest common divisor of 49105 and 25515?
35
What is the greatest common divisor of 43566874 and 13?
13
What is the highest common divisor of 9777575 and 675?
25
Calculate the greatest common divisor of 6237 and 1942633.
77
What is the highest common divisor of 31752 and 382968?
648
What is the greatest common divisor of 3294 and 10930032?
54
What is the greatest common divisor of 208936 and 13104?
728
What is the highest common divisor of 16670631 and 3?
3
Calculate the highest common divisor of 55752 and 217260898.
4646
Calculate the greatest common factor of 39 and 16983369.
39
What is the highest common divisor of 1564029 and 54?
27
What is the highest common factor of 2670 and 129570?
30
What is the greatest common factor of 154 and 1789477921?
77
Calculate the highest common divisor of 1770864 and 539852.
1868
Calculate the highest common divisor of 2107 and 885528.
49
What is the highest common divisor of 47715 and 635439741?
9543
Calculate the greatest common divisor of 4165 and 34408255.
595
Calculate the highest common divisor of 12999140 and 121.
11
What is the greatest common factor of 45221759 and 10846?
319
Calculate the greatest common factor of 952 and 46456144.
56
What is the highest common divisor of 4920200 and 4672?
584
What is the greatest common divisor of 2520896 and 33677?
119
Calculate the highest common factor of 4075057 and 632.
79
What is the highest common factor of 1141399 and 451?
41
Calculate the greatest common factor of 104 and 13564902.
26
Calculate the highest common divisor of 1293879 and 16881.
993
What is the highest common factor of 2107742370 and 444?
222
Calculate the highest common divisor of 541 and 648978731.
541
Calculate the highest common factor of 6924309 and 84.
21
What is the highest common factor of 1113860754 and 654?
654
What is the highest common factor of 119 and 6119932?
119
What is the highest common divisor of 124525686 and 72?
6
What is the greatest common factor of 73283738 and 44?
22
What is the highest common factor of 147384 and 142416?
1656
What is the highest common divisor of 421674 and 693?
33
Calculate the highest common factor of 2 and 69498346.
2
What is the highest common divisor of 518080 and 9600?
320
Calculate the greatest common factor of 41904981 and 1917.
639
What is the highest common divisor of 2728305 and 855?
855
What is the highest common factor of 1958 and 19643012?
178
Calculate the highest common factor of 23661725 and 325.
25
What is the highest common factor of 229 and 52074142?
229
What is the greatest common factor of 737027 and 718?
359
Calculate the greatest common divisor of 24312240 and 13320.
360
What is the highest common factor of 128580 and 172400?
20
What is the greatest common factor of 11398144 and 640?
128
What is the greatest common divisor of 2688231 and 63?
21
What is the highest common factor of 1899076212 and 9?
9
Calculate the highest common factor of 1461242 and 5480.
274
What is the highest common factor of 542 and 729492163?
271
What is the greatest common divisor of 21773626 and 28?
14
Calculate the greatest common divisor of 177034 and 5395.
13
What is the greatest common divisor of 105961 and 683191?
271
What is the highest common divisor of 72926817 and 27?
3
What is the highest common factor of 6836 and 4137489?
1709
Calculate the greatest common factor of 13604 and 678947.
179
What is the greatest common divisor of 46104318 and 702?
234
What is the highest common divisor of 4811 and 128199?
283
What is the highest common factor of 105825687 and 285?
57
What is the greatest common divisor of 7685 and 50885459?
1537
Calculate the highest common factor of 145118 and 5.
1
What is the greatest common factor of 732 and 20508688?
244
What is the highest common divisor of 449 and 156709531?
449
Calculate the highest common factor of 64974672 and 528.
48
Calculate the highest common factor of 17890 and 1210.
10
What is the greatest common factor of 104285243 and 1311?
437
Calculate the highest common divisor of 638650 and 1450.
50
What is the highest common divisor of 1550 and 64515650?
1550
Calculate the highest common divisor of 3139592 and 4832.
1208
Calculate the highest common factor of 5904 and 2073124.
164
Calculate the greatest common divisor of 2704 and 11467157.
169
Calculate the greatest common divisor of 7950 and 292925.
25
What is the highest common factor of 17600 and 3723520?
320
What is the greatest common factor of 3332047114 and 22?
22
What is the greatest common factor of 3591775 and 974633?
3883
What is the greatest common factor of 2586 and 4133721?
1293
Calculate the greatest common divisor of 54337940 and 20.
20
Calculate the greatest common divisor of 73 and 23879249.
73
What is the greatest common factor of 6926640 and 50127?
4557
Calculate the greatest common factor of 679 and 90472191.
97
Calculate the highest common factor of 115840802 and 196.
98
What is the highest common divisor of 38998 and 18204518?
1258
What is the greatest common divisor of 2166020 and 170?
10
What is the greatest common divisor of 8970 and 2141880?
390
Calculate the highest common factor of 2820 and 13543896.
564
Calculate the greatest common divisor of 1672872 and 37410.
258
What is the greatest common factor of 10968162 and 9669?
879
What is the highest common divisor of 29542794 and 271?
271
What is the greatest common factor of 50877 and 1611?
9
What is the highest common factor of 685 and 15483329?
137
Calculate the highest common factor of 257027 and 15950.
29
What is the greatest common divisor of 99 and 93837942?
99
What is the greatest common factor of 73983 and 1489137?
39
What is the greatest common divisor of 68876508 and 58?
58
What is the greatest common factor of 418 and 558486?
38
Calculate the greatest common factor of 150 and 722701950.
150
Calculate the greatest common factor of 2737 and 6935218.
17
Calculate the highest common factor of 18078 and 1332942.
138
Calculate the highest common divisor of 2764464 and 816.
48
What is the greatest common divisor of 4632 and 401295636?
2316
Calculate the greatest common factor of 8745940 and 1790.
1790
Calculate the greatest common factor of 101219986 and 14.
14
What is the highest common divisor of 35137630 and 770?
110
Calculate the highest common divisor of 13811057 and 3387.
1129
Calculate the greatest common factor of 102235132 and 39052.
3004
Calculate the highest common factor of 14807472 and 7776.
48
What is the greatest common factor of 310 and 10656095?
155
What is the greatest common divisor of 18334754 and 29724?
4954
Calculate the highest common factor of 346604 and 543646.
2374
Calculate the highest common divisor of 417117 and 99.
3
What is the highest common factor of 234741117 and 41327?
3757
What is the highest common divisor of 2967914 and 201856?
3154
Calculate the highest common factor of 5620105 and 665.
95
Calculate the greatest common divisor of 8815817 and 129.
43
Calculate the highest common factor of 1520 and 12367328.
304
What is the greatest common factor of 6706 and 29134?
14
What is the highest common factor of 3670997 and 1529?
11
Calculate the highest common factor of 4276 and 7.
1
Calculate the highest common divisor of 1509366480 and 916.
916
Calculate the greatest common divisor of 64 and 397052640.
32
Calculate the highest common factor of 1733 and 92190401.
1733
What is the highest common factor of 3311 and 2374573047?
3311
Calculate the highest common divisor of 40283277 and 1269.
141
What is the highest common divisor of 560211 and 125373?
1587
Calculate the greatest common factor of 168422580 and 240.
60
Calculate the greatest common factor of 373 and 701986.
373
Calculate the highest common factor of 573 and 723126.
573
Calculate the greatest common factor of 145476 and 1203.
3
W